te 3 - ((7 - (9 - 13)) + -25).
17
Evaluate -5 + 32 + -18 - (7 - 1).
3
Calculate (11 - -1 - -3 - 1) + -27.
-13
What is the value of (36 - (10 + 3)) + -4 + -7?
12
What is 17 - (11 + -11) - -13 - (-2 - -3)?
29
What is the value of (-1 - 4) + (-18 + -2 - -21)?
-4
Calculate (14 - (8 - 11) - 12) + -9 + 0.
-4
Calculate -25 - -19 - (11 - 4 - 0).
-13
What is (3 - (4 + 0)) + -6 + -1 + -8?
-16
What is 123 - 137 - (0 - 23)?
9
(5 + -13 - -23) + -21
-6
Calculate 20 - (-28 - (-2 + -48)).
-2
Calculate 9 + 8 + -7 - 5.
5
Calculate -12 + (6 - 9) + 3.
-12
What is -34 + 51 - (2 - -3)?
12
-109 + 52 + (34 - -3)
-20
Evaluate 3 + -5 - ((13 - 14) + -4).
3
0 - 2 - (9 + -9 + 3)
-5
(255 - 240) + (0 + -2 - -3)
16
What is the value of 7 + (-3 - (-16 + 24))?
-4
(-23 - -2) + 34 + -13
0
5 + -1 + (7 - 6 - (-19 - -13))
11
What is 11 + (3 + -11 - 8) - (-12 + 1)?
6
Evaluate -314 + 337 - (-2 + 0 - -2 - -8).
15
Evaluate 4 + 4 + -16 - -5.
-3
Calculate 19 + (-3 - -1 - (-49 + 45)) - -2.
23
What is (-20 - 1) + -31 + 41 - -7?
-4
Calculate -1 + -9 + 375 + -364.
1
What is 9 + -13 + (2 - 9 - -2)?
-9
Evaluate -3 + (-11 - -6 - (-2 - (-3 + 0))).
-9
Calculate -1 + -10 + 25 + -37 + 22.
-1
What is the value of -9 + (27 + 0 - (-19 - (-33 - -15)))?
19
What is the value of 4 + (0 - (-1 - -2)) + -42 + 35?
-4
Evaluate 2 + 20 + (-271 - -248).
-1
Evaluate 0 + 6 - (7 - 12 - (-14 + 11)).
8
Evaluate (-2 - -11) + 3 + -26 + 3.
-11
Calculate -7 + 17 - (7 - (1 + -12)).
-8
Calculate -8 - (4 - (1 + 0) - (8 - 15)).
-18
Evaluate 9 - (24 - -20 - 20).
-15
What is (2 - -12) + 58 + (-61 - 24)?
-13
Evaluate (16 + 0 - -1) + (207 + -95 - 114).
15
Calculate -67 + 69 + (0 - 11) + 24.
15
Evaluate (12 - (-4 - -14)) + 8 - -7.
17
What is -57 - -68 - (1 + 16) - -1?
-5
24 + (15 - (-16 + 56))
-1
Evaluate 10 + (-3 - (0 + -1 + 6)).
2
Evaluate 3 + -16 - (-7 - -2) - -15.
7
What is the value of (-2 - -35) + 344 + -365?
12
Calculate -8 + 2 - 2 - 3 - -7.
-4
Calculate (0 + -8 - -7) + -6 + -8 + 5.
-10
What is the value of (1 - (2 + -3)) + (-7 + 8 - 13)?
-10
What is the value of (-4 - -10) + -3 + -20?
-17
Calculate -9 + (8 - (6 + 1) - -12).
4
-3 - -12 - (2 + 18) - -1
-10
Evaluate (2 - 3) + -16 - (7 + -9).
-15
Evaluate -10 + (37 - 4) + -7 + -42.
-26
What is -44 - (7 + -5 + -11) - -15?
-20
What is -21 - (-15 - (7 - 27))?
-26
What is -12 + 9 - 2 - -16?
11
Calculate 21 + -45 + -1 + 17.
-8
What is the value of -14 + 2 - ((3 - 12) + 2) - -18?
13
What is 15 - (25 + -21 + 27)?
-16
What is (0 + -1 - 10) + (14 - 5)?
-2
-28 + -1 + -1 - (-42 - (-12 - 29))
-29
What is 4 + -9 + 18 - 12?
1
Evaluate (217 + -225 - (2 + -8)) + 7.
5
What is 24 + (-1 - 4 - (48 - 39))?
10
Calculate 3 + -1 - (-7 - (8 - (15 + 10))).
-8
Evaluate -23 - 3 - (-151 - -103).
22
-43 + 31 - (-19 - (1 + 1))
9
Calculate (14 - (-12 - (17 + -28))) + (3 - -1).
19
What is the value of (-15 - -15) + -6 + 22?
16
What is -34 + (-38 - -58) + 3 + 11?
0
Evaluate (4 - 6) + 8 + 4.
10
What is 6 - (0 - (-6 - -11))?
11
What is the value of 33 - (-4 - -30 - 26)?
33
What is -7 + (-4 - (-21 - -1)) + (-13 - 2)?
-6
What is the value of -8 + 4 - -7 - (0 + -2) - 7?
-2
What is the value of -14 + 12 + -13 + 9?
-6
Evaluate 176 - 167 - (-25 - -3).
31
Evaluate 9 - 2 - (4 - ((1 - 7) + -11)).
-14
Evaluate (-2 - -11) + 18 + -16.
11
What is the value of (-4 - -8) + 7 + (3 - -1) + -6?
9
What is 6 + 1 - (-5 - 10 - (-11 + -11))?
0
(5 - 0) + 4 + -21 + 13 - -11
12
What is 9 + 17 + -27 + 11 + -7 + -1?
2
What is 8 - (8 - -7) - (-34 - -13)?
14
What is the value of 15 + -4 + -1 - (-7 - (-18 - -18))?
17
Evaluate (10 - 3) + -35 - -14.
-14
Calculate -5 - (7 + -16 + 14).
-10
-10 + (7 - -6) + -10
-7
Evaluate -29 + (-20 - -9) + 14 - -9.
-17
101 - 84 - (-1 + 6)
12
-3 + (3 - 6) - (12 + -17)
-1
Evaluate -4 - (-1 - 3 - 5 - 6).
11
Calculate -4 + -16 + 3 + 1 + 26.
10
Evaluate (1 - -23 - 21) + -7.
-4
What is the value of 46 - (21 - 12) - 15 - 12?
10
Calculate (-622 - -626) + (1 - (8 - 0)).
-3
What is the value of (-2 - 2) + (2 + -12 - -1)?
-13
Evaluate -29 - (-39 - (25 - 6)).
29
Calculate 9 + (-7 - -2) + 1 + 4 + -1.
8
Calculate 4 - 4 - (3 + -16 + 1).
12
Calculate 27 - (12 - 14 - -12 - 6).
23
-15 + -11 + 21 + 6 - -12
13
What is (14 - (17 + 9)) + 0?
-12
What is (-949 - -934) + (2 - 1)?
-14
Evaluate 0 - (-15 - (-25 + 22)).
12
What is the value of 1 + 1 + (-1 - (-1 - -7)) - -17?
12
Calculate -27 - (-80 + (31 - -13)).
9
What is 21 + (-4 - (-1 + 0 - (-25 + 19)))?
12
What is 29 - (48 + 14 + -27)?
-6
What is the value of 1 + -1 + 5 + -2 + 12 + 3?
18
What is 11 + -24 + 15 + -2 + 1 - -12?
13
What is the value of (8 + 10 - 31) + 3 + (-6 - 0)?
-16
What is 818 + -821 + 38 + 5 + -3?
37
Calculate 1 + -3 - (54 + -59).
3
What is -5 + -13 + 16 + -8 + -7?
-17
What is the value of 17 - 2 - (170 + -156)?
1
Evaluate -4 + 4 + (-1 - 3) - 3.
-7
Calculate 0 - (13 + -23 + 20) - (2 - 10).
-2
-15 + 7 + (-1 - -10) - (-2 + -4)
7
16 - (8 + (12 - 0))
-4
0 + 6 + (-32 - (-33 + 10))
-3
What is 4 - (1 - -2) - (2 + 0 + -5)?
4
Evaluate 1 - ((9 - 1) + (-42 - -18)).
17
17 + (9 + -4 - 26)
-4
-41 - ((-32 - -5) + 12)
-26
What is the value of -7 + (2 - -2 - 5) + -17 + 14?
-11
What is (3 - (17 + -2)) + 32 + -26 - 7?
-13
Evaluate -4 - (29 + (-8 - 0 - -26 - 12)).
-39
What is -9 + 5 - (-10 - -9) - 3?
-6
Calculate -7 + -6 + 1 - -10.
-2
Evaluate -20 - (-3 + -7 + 2).
-12
Calculate 3 + 2 + -6 + 10 + -3 + -5.
1
-1 - 12 - -1 - (-1 - (15 - 12))
-8
What is -24 + 18 - (-1 - -7) - -1?
-11
What is the value of 13 + 11 + (7 - 22)?
9
What is the value of (-17 + 26 - -2 - 3) + 1 + -12?
-3
(9 - (-4 - -1 - -20)) + 27 + -1
18
Evaluate (9 - -2) + -84 + 77.
4
Evaluate 10 - 3 - 3 - (-3 + 19).
-12
What is the value of (-6 - -11) + (-7 - -9) + -29?
-22
Calculate -9 + 4 + 3 - (2 + 2).
-6
What is 9 + -18 + 8 - 11?
-12
What is (-4 - ((9 - 7) + -11)) + (-1 - -4)?
8
Evaluate 9 + -13 + (1 - (8 - 6)).
-5
Calculate -9 - (4 - -3 - (-10 + 17)).
-9
What is the value of -8 + 1 + (-2 - (-44 - -34)) + 16?
17
14 - (-8 + 10 + 10 + -13)
15
Evaluate -6 - (2 + 10 - 12).
-6
Calculate 11 - (-3 + 7 + (2 - -9 - -8)).
-12
1 - (4 + -2 - -2) - (12 + -41)
26
(-8 - 0) + 5 + (-11 - 14) - -11
-17
What is 1 + 0 - ((0 - 0) + (186 - 173))?
-12
What is -25 + 15 + -21 - -24?
-7
-21 - 2 - (-871 + 847)
1
Evaluate 15 - (44 + (-77 - -37)).
11
What is the value of (11 - 1) + (4 - 5) - (1 - -2)?
6
1 - (11 - 6 - 9 - -6)
-1
What is the value of 22 - (15 + 4 + -1)?
4
What is the value of (-48 - -22) + 42 - (2 + 28)?
-14
What is the value of 42 + -25 - 13 - 25?
-21
What is the value of (-24 - -6) + (-6 - -12) - 6?
-18
Evaluate -9 - -1 - ((-4 - -14) + 7 + -23).
-2
What is the value of 14 + -20 + (18 - ((1 - 1) + -2))?
14
Calculate (1 + -3 + 10 - -6) + 4 - -6.
24
What is 11 - (32 - (-11 + 33))?
1
Calculate (11 - 0) + (7 - -2) + -2 + -9.
9
What is 0 - (-19 + 1 + (-7 - -17 - 7))?
15
(0 - -5) + -5 - -3
3
Calculate -8 - (-7 + -10) - 2.
7
What is the value of 10 + (-7 - (-24 + 40))?
-13
-4 + -4 + 1 + 5 + (15 - 10)
3
What is 14 + (-10 - 22) + 10?
-8
Evaluate (-7 + 3 + -6 - -4) + 18.
12
(5 + (3 - 6) + -8 - -5) + 0
-1
What is 13 - (-13 - (6 + -12 + -3))?
17
Evaluate -1 + (-21 - -4) + -9 + (0 - -4).
-23
What is the value of 6 - (-9 - -17 - 1)?
-1
What is (6 - 1) + 0 - (182 + -176)?
-1
What is 18 - (-15 - -12) - (2 + -3)?
22
What is the value of -5 - (3 + (1 + -7 + 0 - 10))?
8
Calculate 12 + -13 + 2 + 10.
11
Evaluate 27 - (62 + (-25 - -19)).
-29
Calculate -2 + 23 + (652 - 679).
-6
-5 + (9 - (-7 + 29))
-18
Calculate 4 + -2 + -11 + -5 + (4 - -28).
18
What is the value of (-19 - (-11 + (7 - -1) + -4)) + 4?
-8
Calculate -27 - -17 - (-3 - 1).
-6
What is the value of 0 - 3 - (-7 - -2 - (31 - 43))?
-10
Calculate (-34 - -42 - 3) + (0 - -2) + -5.
2
Calculate -18 + 13 - (-73 - -29).
39
What is the value of (20 - 14 - -1) + -17?
-10
What is -7 - (0 - (6 + -8))?
-9
2 + (21 - 31) - 5
-13
What is -4 + (-2 + 7 - (16 + -15))?
0
What is the value of -9 + 16 + 27 + -49?
-15
What is the value of -16 + (-1 + -25 - -23)?
-19
What is -6 - 4 - ((2 - (7 - 2)) + -4)?
-3
What is the value of 2 + (21 - 18) + 10 - -16?
31
(23 - -5 - 62) + 24
-10
Calculate -8 + (23 - 9) - -12.
18
(-36 - (-6 - 26)) + 31
27
-17 - (13 - (19 + 0) - 1)
-10
Evaluate -4 + -9 + 0 + 16 + 20.
23
What is the value of -5 - ((0 - 37 - -9) + 8)?
15
Calculate -3 - (7 + (3 - 17 - (-13 - -6))).
-3
Evaluate -9 - (-15 + -9) 